igit of 54505440?
5
What is the hundreds digit of 2410777299?
2
What is the ten millions digit of 56147232?
5
What is the units digit of 105621676?
6
What is the ten millions digit of 602130787?
0
What is the hundred thousands digit of 728035221?
0
What is the thousands digit of 11301137?
1
What is the ten thousands digit of 698598?
9
What is the hundreds digit of 22240760?
7
What is the hundreds digit of 19250301?
3
What is the tens digit of 3079367144?
4
What is the ten millions digit of 1224691887?
2
What is the hundred millions digit of 4596554059?
5
What is the millions digit of 24543988?
4
What is the ten thousands digit of 2653936928?
3
What is the ten millions digit of 86902153?
8
What is the hundred millions digit of 701334490?
7
What is the hundred thousands digit of 965622?
9
What is the hundred millions digit of 193047874?
1
What is the hundreds digit of 1424042452?
4
What is the ten millions digit of 166420685?
6
What is the thousands digit of 601586260?
6
What is the units digit of 73389312?
2
What is the thousands digit of 177448487?
8
What is the units digit of 5602796067?
7
What is the millions digit of 304846957?
4
What is the tens digit of 3942652354?
5
What is the ten thousands digit of 296864285?
6
What is the thousands digit of 104933780?
3
What is the hundred millions digit of 452624180?
4
What is the hundred thousands digit of 11477226?
4
What is the hundred millions digit of 113566447?
1
What is the ten thousands digit of 18524576?
2
What is the hundred millions digit of 281516871?
2
What is the ten thousands digit of 6871020501?
2
What is the millions digit of 50263083?
0
What is the tens digit of 10704679?
7
What is the thousands digit of 691703088?
3
What is the millions digit of 5101358985?
1
What is the thousands digit of 61698987?
8
What is the hundred millions digit of 5723450681?
7
What is the hundred thousands digit of 2968397561?
3
What is the ten thousands digit of 958879175?
7
What is the thousands digit of 10749586?
9
What is the ten millions digit of 625379566?
2
What is the units digit of 12295147?
7
What is the millions digit of 176495466?
6
What is the ten millions digit of 863182260?
6
What is the hundred thousands digit of 5708182243?
1
What is the millions digit of 9467902?
9
What is the ten thousands digit of 182851118?
5
What is the ten thousands digit of 164853723?
5
What is the millions digit of 9336899?
9
What is the millions digit of 383742198?
3
What is the thousands digit of 75605667?
5
What is the ten millions digit of 385776516?
8
What is the ten millions digit of 26705253?
2
What is the hundred thousands digit of 49188265?
1
What is the tens digit of 324761334?
3
What is the ten thousands digit of 29601582?
0
What is the hundred thousands digit of 569549124?
5
What is the tens digit of 81337677?
7
What is the hundred millions digit of 154392744?
1
What is the tens digit of 62173136?
3
What is the hundreds digit of 273071216?
2
What is the hundred millions digit of 1293569568?
2
What is the ten millions digit of 520572965?
2
What is the hundred millions digit of 231400128?
2
What is the hundred thousands digit of 3496295623?
2
What is the billions digit of 1267144411?
1
What is the millions digit of 351439563?
1
What is the ten thousands digit of 703039536?
3
What is the hundreds digit of 48176446?
4
What is the ten thousands digit of 69093650?
9
What is the hundreds digit of 65111823?
8
What is the ten thousands digit of 1026397225?
9
What is the units digit of 2028991439?
9
What is the hundred millions digit of 1157111925?
1
What is the hundred thousands digit of 96248681?
2
What is the millions digit of 609826203?
9
What is the hundreds digit of 7827774?
7
What is the units digit of 1393929640?
0
What is the millions digit of 508412168?
8
What is the units digit of 39068630?
0
What is the tens digit of 1713296?
9
What is the ten millions digit of 88319276?
8
What is the ten millions digit of 361495398?
6
What is the thousands digit of 949682427?
2
What is the ten thousands digit of 194906754?
0
What is the ten millions digit of 1480242911?
8
What is the units digit of 1524090029?
9
What is the ten thousands digit of 1215644343?
4
What is the ten millions digit of 176415942?
7
What is the thousands digit of 171013844?
3
What is the millions digit of 1726101663?
6
What is the thousands digit of 1476948510?
8
What is the millions digit of 232930099?
2
What is the thousands digit of 836648140?
8
What is the thousands digit of 312639285?
9
What is the millions digit of 631777925?
1
What is the thousands digit of 545006832?
6
What is the billions digit of 1621279805?
1
What is the millions digit of 6855261391?
5
What is the hundred thousands digit of 78116963?
1
What is the ten thousands digit of 200774158?
7
What is the units digit of 429596122?
2
What is the ten thousands digit of 700946796?
4
What is the units digit of 175790951?
1
What is the hundred thousands digit of 121890556?
8
What is the millions digit of 7132467?
7
What is the tens digit of 610864819?
1
What is the tens digit of 381030977?
7
What is the units digit of 1349670183?
3
What is the ten thousands digit of 392877789?
7
What is the hundred thousands digit of 701559259?
5
What is the thousands digit of 935523864?
3
What is the thousands digit of 75492618?
2
What is the tens digit of 239245072?
7
What is the hundred thousands digit of 338376887?
3
What is the ten millions digit of 5186271529?
8
What is the hundred millions digit of 681827959?
6
What is the ten millions digit of 71377184?
7
What is the units digit of 10328647?
7
What is the hundreds digit of 25043017?
0
What is the thousands digit of 2861522709?
2
What is the thousands digit of 91417944?
7
What is the thousands digit of 1090668655?
8
What is the hundred thousands digit of 108828722?
8
What is the ten millions digit of 51766050?
5
What is the hundred thousands digit of 54732166?
7
What is the ten millions digit of 23714089?
2
What is the thousands digit of 1186811994?
1
What is the ten millions digit of 229065225?
2
What is the thousands digit of 65454555?
4
What is the tens digit of 25005671?
7
What is the tens digit of 322676014?
1
What is the units digit of 45439144?
4
What is the tens digit of 398231346?
4
What is the millions digit of 74509956?
4
What is the hundreds digit of 18903080?
0
What is the units digit of 102542019?
9
What is the thousands digit of 356413?
6
What is the thousands digit of 144940976?
0
What is the hundred millions digit of 106762450?
1
What is the hundred thousands digit of 89862472?
8
What is the units digit of 274574892?
2
What is the ten thousands digit of 1308327950?
2
What is the ten millions digit of 29304561?
2
What is the hundred thousands digit of 2657429335?
4
What is the billions digit of 4472405362?
4
What is the hundreds digit of 618742942?
9
What is the ten millions digit of 1565292772?
6
What is the ten millions digit of 184669140?
8
What is the millions digit of 25449936?
5
What is the hundred millions digit of 275675774?
2
What is the units digit of 400543778?
8
What is the ten thousands digit of 124301856?
0
What is the ten thousands digit of 13899307?
9
What is the ten thousands digit of 69061413?
6
What is the tens digit of 164916780?
8
What is the ten thousands digit of 1907743017?
4
What is the millions digit of 417064157?
7
What is the thousands digit of 158316518?
6
What is the millions digit of 2716137682?
6
What is the ten thousands digit of 23915077?
1
What is the units digit of 94246561?
1
What is the hundreds digit of 152239363?
3
What is the thousands digit of 2039265659?
5
What is the hundreds digit of 52517872?
8
What is the millions digit of 1439989965?
9
What is the units digit of 802643459?
9
What is the units digit of 25143616?
6
What is the ten thousands digit of 458258645?
5
What is the ten millions digit of 127107336?
2
What is the millions digit of 1205769202?
5
What is the hundred millions digit of 441744921?
4
What is the tens digit of 13777029?
2
What is the millions digit of 14982318?
4
What is the millions digit of 26718091?
6
What is the hundred millions digit of 324577994?
3
What is the thousands digit of 42851577?
1
What is the units digit of 120188435?
5
What is the thousands d